Let z(r) = -9*r - 205. Determine z(-21).
-16
Let z(i) = -4*i**2 + 4*i - 2. Give z(2).
-10
Let x(i) = -14*i + 30. What is x(4)?
-26
Let l(p) = p**3 - 21*p**2 + 39*p - 7. Give l(19).
12
Let p(g) = g**3 - 7*g**2 - 11*g + 8. Determine p(8).
-16
Let m(d) = -d**2 + 9*d + 6. What is m(10)?
-4
Let r(u) = -u**2 - 12*u + 11. What is r(-10)?
31
Let k(u) = -u**2 - 2*u - 12. Give k(-4).
-20
Let v(q) = q**2 + 2*q - 1. Give v(-3).
2
Let f(b) = -17*b + 66. Give f(4).
-2
Let i(x) = -x**2 - 7*x + 16. Give i(-9).
-2
Let f(p) = 15*p + 348. What is f(-23)?
3
Let c(f) = f**3 - 2*f**2 - 10*f + 12. What is c(3)?
-9
Let s(i) = -4*i**3 + 2*i**2 + 2*i - 12. What is s(2)?
-32
Let f(k) = k**3 + 10*k**2 - 20*k - 100. Determine f(-11).
-1
Let g(n) = 3*n**2 + 4*n - 2. What is g(-5)?
53
Let k(y) = -y**3 + 14*y**2 - 7*y - 38. Determine k(13).
40
Let o(p) = p**2 - 7*p - 14. Calculate o(11).
30
Let t(r) = -30*r - 2. Determine t(3).
-92
Let q(r) = 2*r**2 - 6*r - 7. Calculate q(5).
13
Let s(u) = -20*u + 15. What is s(3)?
-45
Let s(o) = o**2 + 18*o + 5. Give s(-16).
-27
Let d(b) = -3*b**2 - 7. Determine d(0).
-7
Let d(r) = 8*r + 11. Calculate d(-2).
-5
Let r(i) = 6*i - 76. Give r(10).
-16
Let i(y) = 4*y - 3. Give i(-3).
-15
Let b(y) = 9*y - 5. Determine b(-3).
-32
Let t(w) = w - 3. What is t(7)?
4
Let s(y) = -19*y + 684. Determine s(36).
0
Let q(y) = -y**3 - 6*y**2 + 2*y + 3. What is q(-5)?
-32
Let h(x) = x**2 - 15*x + 2. Determine h(6).
-52
Let h(b) = -3*b**2 + b - 3. Calculate h(1).
-5
Let z(x) = 5*x**2 + 29*x - 34. Give z(-7).
8
Let k(j) = j**2 + 16*j + 58. Give k(-3).
19
Let v(p) = p**3 - 6*p**2 - 43*p - 12. Determine v(10).
-42
Let o(l) = l**3 - 16*l**2 + 7*l - 1. Determine o(16).
111
Let h(i) = -i**3 + 25*i**2 - 5. Calculate h(25).
-5
Let n(m) = -6*m + 61. Give n(10).
1
Let q(a) = -a**3 + 2*a**2 + 10*a + 23. Calculate q(5).
-2
Let s(n) = -n**2 + 11*n + 10. Determine s(8).
34
Let m(s) = 6*s**2 - 1. What is m(1)?
5
Let r(v) = -10*v**2 + 1. Give r(-1).
-9
Let p(j) = -j**2 + 15*j + 19. Give p(17).
-15
Let y(o) = 8*o + 13. What is y(5)?
53
Let g(z) = 10*z**2 + z + 2. Calculate g(-1).
11
Let k(y) = -y**2 - 9*y - 12. Calculate k(-6).
6
Let w(s) = s**2 + 17*s + 35. Give w(-11).
-31
Let j(w) = 3*w - 17. What is j(9)?
10
Let q(z) = 2*z**2 - 132*z - 3. Give q(66).
-3
Let z(s) = 99*s**2 + s + 1. Give z(-1).
99
Let d(g) = 6*g + 37. What is d(-12)?
-35
Let b(w) = -w**2 - 21*w - 106. Calculate b(-13).
-2
Let a(k) = k**3 + 6*k**2 - 8*k - 5. What is a(-7)?
2
Let j(u) = u**2 + 15*u - 24. Determine j(-17).
10
Let d(t) = t**2 - t - 12. Determine d(5).
8
Let g(m) = m**3 - 9*m**2 + m - 22. Determine g(9).
-13
Let k(l) = -4*l**3 - 73*l**2 - 24*l - 114. Give k(-18).
-6
Let n(f) = -23*f + 130. Calculate n(6).
-8
Let b(g) = -18*g**2 + 3*g - 2. Calculate b(1).
-17
Let x(l) = 3*l**3 + 2*l**2 - 8*l + 7. Determine x(-4).
-121
Let i(b) = b + 6. What is i(2)?
8
Let n(y) = -2*y**2 - 9*y + 157. Give n(-11).
14
Let z(j) = -8*j**2 - 31*j + 17. What is z(-5)?
-28
Let a(y) = -y**3 + 15*y**2 + 17*y - 4. Calculate a(16).
12
Let l(o) = 42*o**2 - 2*o + 1. Give l(1).
41
Let i(b) = -b**2 + 9*b - 13. Determine i(3).
5
Let l(w) = -w**2 + 7*w + 17. Determine l(8).
9
Let b(f) = -f**3 + f**2 - f - 2. Determine b(3).
-23
Let t(n) = -9*n**2 - 2*n - 1. What is t(-3)?
-76
Let k(n) = n**3 + 5*n**2 + 5*n - 5. Calculate k(-5).
-30
Let o(g) = g**3 + 33*g**2 - 35*g - 40. Determine o(-34).
-6
Let m(k) = -3*k**3 - k - 1. Determine m(-1).
3
Let m(r) = r**3 - r**2 + 3*r + 26. What is m(0)?
26
Let n(a) = -12*a + 6. What is n(5)?
-54
Let v(b) = -17*b - 80. Determine v(-4).
-12
Let m(d) = 39*d + 4. What is m(-2)?
-74
Let w(j) = 2*j**2 + 13*j + 30. Calculate w(-4).
10
Let o(r) = 2*r + 9. Calculate o(-4).
1
Let x(m) = m**3 - 21*m**2 - 45*m - 20. Give x(23).
3
Let s(z) = -z**2 + 4*z. Calculate s(4).
0
Let o(s) = -s**2 - 22*s - 88. What is o(-16)?
8
Let b(q) = -q**3 - 12*q**2 + 3*q + 6. What is b(-12)?
-30
Let h(u) = u**3 - 12*u**2 - 17*u + 45. What is h(13)?
-7
Let z(o) = -14*o + 22. What is z(2)?
-6
Let x(z) = -z**2 - 14*z - 12. What is x(-13)?
1
Let i(k) = -k**3 + 45*k**2 - 126*k - 11. Give i(42).
-11
Let u(w) = w**3 - 14*w**2 - 14*w - 17. Calculate u(15).
-2
Let v(q) = 2*q**2 - 2*q - 10. Determine v(-2).
2
Let i(q) = -q**3 - 2*q**2 - 2. What is i(-3)?
7
Let b(t) = -t**3 - 9*t**2 + 13*t + 10. What is b(-10)?
-20
Let d(w) = -w**3 + 30*w**2 - 23*w - 177. Determine d(29).
-3
Let s(u) = -u + 21. What is s(-7)?
28
Let v(w) = -w**3 - 2*w**2 + 49*w + 174. Calculate v(-4).
10
Let b(z) = z**2 - 14*z + 31. What is b(10)?
-9
Let d(r) = 9*r + 4. Determine d(-5).
-41
Let m(p) = 41*p - 242. Calculate m(6).
4
Let y(l) = l**3 + l**2 - 22*l - 3. What is y(4)?
-11
Let d(r) = -r**2 + 60*r - 224. What is d(4)?
0
Let y(f) = f**3 - 5*f**2 + 8*f + 5. Determine y(5).
45
Let i(m) = 5*m**2 - 20*m + 8. Give i(4).
8
Let h(z) = z**2 + 9*z - 5. Give h(-11).
17
Let n(w) = -5*w + 31. Determine n(10).
-19
Let g(n) = -n**3 + 7*n**2 + 7*n - 62. Determine g(6).
16
Let y(k) = -4*k + 191. Determine y(38).
39
Let k(a) = -2*a**2 - 4*a + 2. Give k(-3).
-4
Let d(m) = -3*m - 32. Give d(-7).
-11
Let r(u) = u**2 - 10*u + 22. Calculate r(6).
-2
Let o(n) = n**2 + 9*n - 9. Determine o(-5).
-29
Let w(n) = -2*n**3 + 3*n**2 + 7*n - 10. What is w(4)?
-62
Let v(s) = s**2 - 3*s + 3. Give v(5).
13
Let w(c) = -c**3 + 6*c**2 - 4*c - 1. Give w(5).
4
Let u(a) = -a**3 - a**2 + 25*a + 32. Give u(-5).
7
Let v(p) = p**2 - 36*p + 243. What is v(25)?
-32
Let x(w) = w**3 + 15*w**2 - 7*w - 22. Calculate x(-15).
83
Let d(f) = 2*f**2 - 3*f + 4. What is d(3)?
13
Let g(z) = -7*z**3 - z**2 - 2*z - 1. What is g(-1)?
7
Let w(v) = -v**3 + 2*v**2 + 2*v. Calculate w(2).
4
Let r(x) = -x**2 - 21*x - 103. Calculate r(-7).
-5
Let a(q) = 2*q**2 - 12*q + 23. Determine a(2).
7
Let s(j) = 11*j + 48. What is s(-5)?
-7
Let a(b) = 2*b**3 + 38*b**2 - 45*b - 55. What is a(-20)?
45
Let g(z) = -z + 3. Calculate g(-7).
10
Let y(a) = a**3 - 14*a**2 + 19*a - 29. Determine y(12).
-89
Let a(i) = 16*i - 11. What is a(5)?
69
Let n(a) = a**3 - 5*a**2 + 4*a + 8. Calculate n(4).
8
Let y(m) = 3*m**2 - 4. Calculate y(2).
8
Let w(o) = -2*o**2 + 11*o + 4. Give w(6).
-2
Let l(w) = -w**2 - 2*w + 3. Give l(2).
-5
Let k(t) = 13*t - 117. Determine k(8).
-13
Let y(z) = -z**2 - 5*z - 26. Calculate y(-8).
-50
Let q(o) = 16*o + 2. Give q(4).
66
Let z(a) = a**3 - 4*a**2 - 251*a - 18. Determine z(18).
0
Let i(k) = -k**2 - 8*k + 24. What is i(-11)?
-9
Let y(a) = -9*a**2 - 3*a + 3. Calculate y(1).
-9
Let r(q) = q**3 + 7*q**2 - 8*q + 7. What is r(-8)?
7
Let c(j) = j**2 + 2*j - 1. Determine c(-7).
34
Let j(v) = v**3 - 4*v**2 - 2*v - 2. What is j(6)?
58
Let g(s) = s**3 - 6*s**2 - 2. What is g(5)?
-27
Let k(a) = -73*a + 71. Determine k(1).
-2
Let j(f) = 2*f**2 + 6*f - 5. Determine j(-3).
-5
Let h(w) = -w - 4. Give h(-6).
2
Let b(g) = 2*g + 10. Give b(-6).
-2
Let r(k) = 2*k**2 + 8*k + 13. What is r(-4)?
13
Let y(p) = -p**3 - 4*p**2 - 2*p - 1. Determine y(-3).
-4
Let p(d) = d**2 - 11*d - 4. Determine p(11).
-4
Let z(g) = -22*g - 142. Give z(-5).
-32
Let u(x) = -8*x - 22. Give u(-3).
2
Let v(s) = s**2 - 7*s - 5. Calculate v(9).
13
Let v(z) = -6*z - 88. Give v(-14).
-4
Let o(d) = -14*d + 13. Determine o(2).
-15
Let q(f) = -10*f**2 - f. Determine q(-2).
-38
Let z(q) = q**2 + 18*q + 77. Determine z(-11).
0
Let i(c) = c - 5. Determine i(4).
-1
Let o(y) = -36*y - 131. Give o(-4).
13
Let g(n) = -67*n + 1. Determine g(-1).
68
Let x(b) = -b**3 - 7*b**2 + 11*b + 5. Determine x(-8).
-19
Let a(u) = u**3 - 7*u**2 + 6*u - 10. What is a(5)?
-30
Let t(l) = -l**3 + 10*l**2 - 17*l + 34. What is t(7)?
62
Let t(n) = -n**2 + 5*n - 13. What is t(7)?
-27
Let u(y) = -6*y + 3. Determine u(6).
-33
Let v(c) = -c**2 + 14*c - 8. What is v(10)?
32
Let n(g) = 19*g - 2. What is n(-1)?
-21
Let d(z) = z**3 - 10*z**2 + 11*z - 9. Calculate d(8).
-49
Let y(x) = -x**2 - 23*x - 64. Determine y(-19).
12
Let o(x) = -x**3 + 9*x**2 - 12*x + 20. Determine o(8).
-12
Let b(w) = -w + 3. What is b(-13)?
16
Let r(s) = -s**2 + 8*s - 7. Calculate r(6).
5
Let y(j) = -8*j + 25. Calculate y(6).
-23
Let i(s) = -s - 6. Calculate i(-8).
2
Let x(t) = -t**2 + 6*t - 2. Determine x(6).
-2
Let i(j) = 2*j**3 - 6*j + 6. Give i(2).
10
Let a(p) = 17*p**3 - p. What is a(1)?
16
Let g(z) = z**2 + 13*z + 1. Determine g(-13).
1